What is g(v)?
1
Let w(y) = 2*y + 44. Let n be w(-13). Suppose 3*p = n - 3. Let b(d) = -d**2 + 2*d + 6. Calculate b(p).
-9
Let q be ((-18)/(-15))/((-4)/(-10)). Suppose 4*x + 6*x + 20 = 0. Let s(n) = -3*n**2 - 4*n - 5. Let y(w) = -w**2 - w - 2. Let l(p) = x*s(p) + 7*y(p). Give l(q).
-10
Let p(c) = 19 - 19 + c. Let b be p(-3). Let l(i) = -i**2 - 5*i + 3. What is l(b)?
9
Let x(b) = b**2 - b - 2. Suppose -f = -2*o - 12, -f - 6*o + 2*o = 12. Give x(f).
10
Suppose -27*t = -32*t - 15. Let u(a) = -a**3 + a**2 + 4*a + 2. What is u(t)?
26
Let y = -57 - -64. Let v(j) be the third derivative of j**7/5040 - j**6/240 - j**5/15 + 4*j**2. Let r(h) be the third derivative of v(h). Determine r(y).
4
Let w(h) be the second derivative of -h**6/60 + h**5/20 - h**4/24 + h**3/6 + 9*h**2/2 + 10*h. Let l(c) be the first derivative of w(c). Calculate l(2).
-5
Let m(c) be the third derivative of -7*c**4/24 + c**2. Let b = -13 - -14. Suppose 2 = -3*x - b. What is m(x)?
7
Suppose 0 = 4*w - 158 + 146. Let h(a) = -a**2 - 5*a + 6. Let j be h(-6). Suppose -w = -3*t - j. Let d(u) = 8*u**2. Give d(t).
8
Let w(q) = 2*q - 13. Let f be 9/2 - 153/102. Calculate w(f).
-7
Let h(v) = -v + 3. Suppose 2*p - 6 = -0. Suppose 26 = y - 5*y - m, -p*y - m = 19. Let a be (1/2)/(y/84). What is h(a)?
9
Let l(d) = -d**3 + 3*d**2 + 2*d - 2. Suppose 3*f - 4*f + 5 = 0. Suppose -2*a + 8*a - 12 = 0. Suppose 8 = a*z, 0 = -f*m + z - 5 + 21. Give l(m).
-10
Let a(c) = 14*c**3 - c**2. Let s be 36/18 - (-134)/(-2). Let k = 66 + s. Calculate a(k).
13
Let c(y) be the first derivative of 2*y**4 - 2*y**3/3 + y + 59. Give c(-1).
-9
Let v = -664 + 668. Let k(s) be the second derivative of s**5/20 - s**4/4 - s**3/3 - 3*s**2/2 + 2*s. Calculate k(v).
5
Let j(w) = -4*w**2 + w. Let f(s) = -4*s**2 + s + 1. Let r(n) = f(n) - 2*j(n). What is r(2)?
15
Suppose -3*p + 65 = 10*p. Let f(j) = -7*j + 6. Suppose 0 = -2*x + 4*d - 3 - 5, 2*x + 3 = 3*d. Let c(u) = 6*u - 7. Let s(o) = p*f(o) + x*c(o). Give s(5).
-7
Suppose -436 + 346 = 6*r. Let p(i) = -i - 24. Calculate p(r).
-9
Let u(v) = -v**3 + 4*v**2 + 7*v - 7. Let d(l) = l**2 - 15*l - 13. Let p be d(15). Let c = -8 - p. What is u(c)?
3
Let r(v) be the second derivative of -v**5/20 + v**4/4 + 11*v**3/6 + 7*v**2/2 - 45*v. Calculate r(5).
12
Let w(a) = -a**2 - 17*a - 11. Suppose -t = h + 13, 3*t + 2*h = 4*t + 22. Give w(t).
5
Let f = 1012 - 1023. Let s(y) = y - 4. Determine s(f).
-15
Let u(h) = -h**2 + h. Suppose 297*s - 295*s = -2. Determine u(s).
-2
Suppose 0 = 6*o + 3*o - 27. Suppose -y - 20 = 3*b, b + 2*y - o*y + 12 = 0. Let s(x) = -x - 2. Determine s(b).
6
Suppose 5*v = 17 + 63. Let z be ((-27)/12)/((-6)/v). Let j be ((-14)/4)/(z/(-12)). Let t(w) = w - 16. Determine t(j).
-9
Let o(f) = 2*f**3 - 4*f**2 + 2*f - 2. Let i(a) = -a**3 - a - 1. Let v = -5 + 6. Let r(j) = v*o(j) + 3*i(j). Let u(s) = s + 3. Let k be u(-7). Calculate r(k).
-1
Let c(u) be the second derivative of -u**4/12 - u**3/6 + 17*u**2/2 - u - 18. Determine c(-4).
5
Let s(q) be the third derivative of 7*q**4/24 - 2*q**3/3 - 158*q**2 - 1. Calculate s(-7).
-53
Let v(m) = -41*m**2 - 1. Let k be 2/14 - -4*(-10)/35. What is v(k)?
-42
Let h(y) = y**2 - 3*y + 11. Suppose -2*i + 23 = 3*r, 138*i = 143*i - 20. Calculate h(r).
21
Let o(c) = -c**3 + 13*c**2 - 42*c + 11. Let w be o(6). Let i(k) = 2*k - 8. Calculate i(w).
14
Let y = -4 + 6. Suppose 2*k + 21 = n + 7*k, y*n - 2*k = -6. Let i(g) = -30*g**2 + 0*g - 45*g**2 + 74*g**2 - 1 + g - 2*g**3. Determine i(n).
-3
Let s(g) = 781*g**3 - 783*g**3 + 4 + 2*g**2 - 1. What is s(3)?
-33
Let i(y) = -y**2 - 9*y - 12. Suppose 270 = 5*s - 215. Let m = s + -105. Determine i(m).
-4
Let z(n) be the second derivative of n**4/12 - n**2/2 + n. Let w(b) = -b**2 + 2*b + 17. Let g be ((-100)/30)/(-1 + (-2)/(-6)). Let x be w(g). Give z(x).
3
Suppose 0 = k - 4*z - 22, -2*k + 6*k = -4*z + 8. Let f = k - 3. Let a(w) = -2*w**3 - f + 2 + w**2 - 2*w - 4*w**2. Determine a(-2).
7
Let s(i) be the second derivative of -3*i**3/2 - 13*i**2/2 + 13*i. Let x(d) = -5*d - 6. Let f(v) = -4*s(v) + 7*x(v). What is f(-8)?
2
Let i = -68 + 66. Let f(y) = -7*y**3 - 4*y**2 + 3*y + 2. Let v(p) = -6*p**3 - 3*p**2 + 3*p + 2. Let c(o) = -3*f(o) + 4*v(o). What is c(i)?
20
Let u(t) = t + 3. Let s = 67 - 63. What is u(s)?
7
Suppose -18 = -4*z - f, -10*z + 4*f = -14*z + 24. Let g(x) = x + x**2 - 6*x - 2*x + 5. What is g(z)?
-7
Let p(h) = h**2 + 2*h - 3. Let d be (55/44)/(2/16). Suppose 2*j = -d, 3*v - 21 = -v + j. Suppose -u + v = u. Calculate p(u).
5
Suppose -4*p - n + 2 - 29 = 0, 5*p = -3*n - 32. Let y(l) = l**3 + 6*l**2 - 7*l + 9. Give y(p).
9
Let n = -73 - -69. Let h be -2 + (2/n - 21/14). Let w(b) = b**2 + 2*b - 4. What is w(h)?
4
Let b(u) = -11*u**2 - 5*u - 3. Let i(r) = -6*r**2 - 3*r - 2. Let t(l) = 4*b(l) - 7*i(l). Let v(f) = f**3 + 14*f**2 + 13*f + 3. Let d be v(-13). Determine t(d).
-13
Suppose -3*n - 2*f = -0*n - 6, 0 = -4*n - 5*f + 8. Let g(j) = 5*j - n + 0 + 4. Suppose 0 = 4*y - 12, 6 = z + 3*y - 0. Calculate g(z).
-13
Let v(k) = k**3 - 4*k**2. Let z(m) = m**3 + 6*m**2 - 7*m + 4. Let f = 26 - 24. Suppose g + 21 = -f*g. Let u be z(g). Determine v(u).
0
Suppose 7 = 4*i - 9. Let p(b) = 3*b - 7*b + 5*b + 0 + i. Calculate p(-5).
-1
Let i(g) = g + 4. Let q be i(4). Suppose 17 + q = -5*v. Let w(s) be the second derivative of -s**3/3 - 7*s**2/2 - 3*s. What is w(v)?
3
Let i(u) = -u - 1. Let v(h) = -16*h - 453. Let n be v(-28). Determine i(n).
4
Suppose 69 = 4*b + 13. Let m(g) = b + g**3 - 16 - 4*g**2 - g - 2*g. Determine m(5).
8
Let y be 0*5/25 - (-6 + -1). Let o(d) = 3*d + 4 + d - 5*d. Give o(y).
-3
Let h(d) = -3*d - 20. Let q(j) = -j + 1. Let b(u) = h(u) - 2*q(u). Calculate b(-19).
-3
Let t(p) = -p**3 - 9*p**2 - 3*p - 2. Let k = 236 - 245. What is t(k)?
25
Let g(n) = 4*n**2 - 3*n + 1. Suppose 3*q - 4*p = -q + 104, 0 = -p + 2. Let y = q - 26. Calculate g(y).
11
Let i(r) = 4*r**3 + r**2 + r. Let m be i(-1). Let q(o) = o**3 - o**2. Let y(n) = 2*n**3 + 4*n**2 + 3*n + 5. Let w(s) = q(s) - y(s). Calculate w(m).
-9
Let n(p) = 2*p**2 + 2*p - 1. Let h(k) = 4*k + 5. Let r = -3 + 1. Let v be h(r). Let i be (4/v)/((-24)/36). What is n(i)?
11
Let d(g) = -5*g**3 - 24*g**2 + 17*g - 13. Let a(b) = 2*b**3 + 8*b**2 - 6*b + 4. Let n(m) = -8*a(m) - 3*d(m). Calculate n(8).
-17
Suppose 8 = 2*j + 2*j. Let b(l) = 9*l**2 - 10*l**j - 1 - 2*l**3 - 7*l**3 + l. Let o be ((-1)/9)/(6/(-39 - 15)). Calculate b(o).
-10
Let v be 4*(-3)/8 + 20/8. Let m(q) = -q**2 + q. Let f(k) = -k**2 + k. Let t(y) = -4*f(y) + 5*m(y). Determine t(v).
0
Let a(d) be the first derivative of -d + 1/2*d**2 - 1/4*d**4 - 4/3*d**3 - 1. Determine a(-4).
-5
Let x(r) = r**2 - 5. Suppose 0*w = 4*w - 36. Let l = 11 - w. Let i be (3 - (2 - -1))/l. Determine x(i).
-5
Suppose -x + 0*x = 0. Let y(d) be the second derivative of 0 + 1/6*d**3 + 10*d - d**2. Give y(x).
-2
Let m(z) = 9*z**3 - 5*z**2 - 3. Let y(o) be the first derivative of -2*o**4 + 4*o**3/3 + 2*o - 32. Let t(b) = 3*m(b) + 4*y(b). Determine t(1).
-5
Let l = 37 - 13. Suppose -2*p = l - 34. Let h(b) = -b**2 + 7*b - 7. Calculate h(p).
3
Let t(o) = 2*o + 2. Suppose 0 = -3*d - 12, -4*d + 24 = -0*k - 4*k. Let n be (0 - 1)/(k/20). Let s be 18/6 - (9 - n). Calculate t(s).
-6
Let f(g) = g**3 + 5*g**2 + 2*g + 4. Let v(a) = -a**3 + 12*a**2 + 15*a - 26. Let s be v(13). Suppose s = 5*m - 4*o + 9, o + 14 = -3*m + m. Give f(m).
-6
Let j(y) = -1. Let w(b) = -b**2 - 5*b + 2. Let o(a) = 4*j(a) + w(a). Let p be ((-2)/2)/((-7)/(-28)). Determine o(p).
2
Let q(v) be the first derivative of 3*v**2 + v + 96. Calculate q(-4).
-23
Let p = -3 - 12. Let k(v) = v**2 + 15*v - 9. Give k(p).
-9
Let y(l) = l**2 + 7*l. Suppose 2*t - 21 = 3*j, 2 + 6 = t - j. Suppose -7 + 5 = -2*v + t*h, 2*h - 2 = 2*v. Give y(v).
-10
Suppose 4*j + a - 6 = 3*j, 0 = 3*j + 4*a - 22. Suppose 0*n + 2*n + 8 = -j*s, -4*n - 17 = 3*s. Let i(g) = g + 5. Determine i(n).
0
Suppose -27*l - 13*l + 120 = 0. Let u(f) be the first derivative of -8 + 3/2*f**2 + f**3 - l*f. Determine u(2).
15
Suppose 51*n = 46*n - 160. Let h be (n/(-20))/((-4)/10). Let v(b) = -b - 5. Give v(h).
-1
Let y(k) = k**2 - k - 3. Let i be y(2). Let j(l) = -7*l**2 - 2*l - 1. What is j(i)?
-6
Let l(d) = d**3 + 15*d**2 + 8. Suppose -4*q + 79 = -34*g + 29*g, g = 3*q - 18. What is l(g)?
8
Let f(a) = -a**2 - 5*a + 2. Let g = -14